6
What is the value of 61 + 39 + -97 + 14?
17
Calculate -5 - -18 - (8 - (30 + (6 - -4))).
45
What is 18 + 51 + -95 - (5 + (-4 - -16))?
-43
Calculate -3 - (-13 - -12) - 11 - -2 - -31.
20
Calculate (-33 - (-79 - (-19 + -9))) + 69.
87
Evaluate (-52 - 0) + (3691 - 3717).
-78
What is the value of (3 - 16) + -3 + 130 + -83?
31
(92 - 82) + (-65 - 10) + -15
-80
Evaluate 27 + -37 + (42 + 19 - (6 + 0)).
45
What is the value of 39 - (12 - 2 - (2 + -8 + 18 - 9))?
32
15 + -4 + -1 - ((-39 - -111) + -32)
-30
Calculate (-14 + 42 - -8) + (-262 - -246).
20
(2 - -21 - 4) + (0 - -23)
42
What is the value of -23 - (-60 - (-55 + 28)) - 4?
6
Evaluate (-20 + 13 + -12 - -35) + -31.
-15
1 - (-29 - -4 - (-98 - -63)) - (71 + 0)
-80
What is 16 + (17 - -10) + -81?
-38
What is the value of -32 + (14 - 2) + 7 + -70 + 5?
-78
Evaluate 7 + 15 - (6 - (-8 - -19 - 10)).
17
Evaluate -2078 - -2176 - (-1 + (-2 - (2 + -16)) - 2).
89
Calculate -3 - -4 - (257 + -243).
-13
Calculate 1 + -6 - (2233 - 2182).
-56
What is the value of -1 + -5 - (-4 - (0 + -4) - 11)?
5
What is the value of -10 - (-9 + 1 + (19 - (20 + -9) - 34))?
24
Calculate (16 - 49) + 29 + (-65 - (-7 - -5)).
-67
17 + -4 - -72 - (116 + -120)
89
Evaluate -6 + 2 - (13 - (-28 - -22 - -1)).
-22
Calculate ((11 - 5) + -2 - (-273 - -290)) + 91.
78
-1 + 11 + -33 + -7 + 4 - 5
-31
21 - (-95 + 64 - -35)
17
Calculate (0 - 11 - 0) + (-1791 - -1842).
40
-175 + -28 + 103 - -30
-70
Evaluate 35 - 110 - -103 - 127.
-99
What is 69 + -46 + -36 + 32?
19
(-16 - -4) + -2 - (57 + 56 + -109)
-18
Evaluate -27 + -8 + (7 - -16 - 25).
-37
Calculate 0 + 1 + 1 + (-222 + 17 - -186).
-17
(7 + 21 - (-12 - -8)) + (9 - 1)
40
What is 2 + (-27 - -124) + -64?
35
Evaluate 126 + -37 - 59 - (4 + -18).
44
63 + ((3 - -11) + 56 + -79 - (-18 + -2))
74
(72 - 51) + -59 + 52
14
Evaluate (-14 - 0 - (-54 - 83 - -127)) + -89.
-93
Evaluate (234 - (-176 + 352)) + 1 + -2.
57
Evaluate (-2498 - -2377) + (222 - -1).
102
(265 - 128) + 0 + (-9 - -2) + 1
131
Evaluate 1 + -49 - (1030 - 1143).
65
What is the value of 1 - -2 - ((207 - 205 - (-2 + 0)) + 114)?
-115
17 - ((54 - -14) + (2 - 7))
-46
What is the value of -8 + -6 + -1 + 17 + 34?
36
Calculate -1 + -3 - (-51 - -6 - -2).
39
Evaluate (14 - (0 + 8)) + 9 + -20.
-5
Evaluate 0 - -10 - (571 - 596) - 3.
32
What is the value of -2 + -14 - -1 - (-4946 + 4866)?
65
What is the value of (5 - -6) + -12 + (-3 - (-4 - 18))?
18
What is (-6 - 1) + 6 + 4 - (29 + -8 + 1)?
-19
What is -158 + 109 - (-89 - -14)?
26
What is the value of 2 + 85 - (-1713 - -1881)?
-81
Calculate 3 + -8 + (-5 - -10) + (5 - (18 + -10)).
-3
Calculate -45 + (96 - 160 - -40).
-69
What is -25 - -48 - (-45 + 122)?
-54
What is the value of -6 - (-1 + 3) - (-80 + 63 + -23)?
32
Calculate 0 + 16 + (-15 - -25) + (2 + 6 - 9).
25
(-1 - (-13 - -6)) + (-23 - -5) + 1
-11
What is 35 - 9 - (62 - 34 - -30)?
-32
What is the value of (10 - 88) + 58 + 23?
3
What is (47 - 5 - 172 - -27) + (0 - 12)?
-115
What is 62 - -14 - (-39 - ((-38 - -14) + 5))?
96
What is the value of -1638 + 1575 + (36 - 0)?
-27
Calculate 60 - -23 - -28 - 47.
64
What is the value of 16 + -28 + (-20 + 2 - -11)?
-19
What is 0 + -6 + -8 + 11 - 8 - (-53 + 124)?
-82
(-20 + 51 - 42) + 28
17
What is -9 - (18 + (-16 - -1) + -11)?
-1
-9 + 0 + 9 + (-35 - -93 - 17)
41
What is the value of (263 - 26) + (346 - 490)?
93
What is the value of -2866 + 2909 + (1 - 0)?
44
What is (34 - 5 - 32) + 2 + -8 - (2 - -4)?
-15
Evaluate -36 + 26 + (145 + -3 - (16 - (13 + -4))).
125
What is -27 - (38 + 30) - (-11 + 20 - (1 - 0))?
-103
Evaluate (42 - (29 + -8)) + 3 + 7.
31
Calculate 13 + 1 + 4 + (457 - 472).
3
Calculate 2 - (10 - 16 - -54) - ((-10 - -15) + -14).
-37
43 + -1 + -61 - -31
12
Evaluate (2 + (7 - 5) - 5) + (-18 - -19) + -35.
-35
Evaluate -72 - (-6 + -36 + -9) - (-37 + 2).
14
165 + 68 + (-19 - 124)
90
What is -16 - (-31 + 14 - -107) - (14 + -17)?
-103
What is 19 + 34 - 36 - (-67 - 0) - (-2 + 17)?
69
What is the value of -6 - -10 - (0 + -37) - (8 + -9 + 4)?
38
21 - (410 + -426 - (-3 - -2))
36
Evaluate 7 - (-70 - 23) - (-64 - -90).
74
-27 - (6 + 6 + (-22 - -12) - (12 - -2))
-15
What is the value of (2 - 6 - (2 + -5)) + (9 - 12 - -50)?
46
Calculate 6 + (3 - -8 - 15) - 8 - -5 - -42.
41
Evaluate (35 - (33 - -4)) + -19.
-21
What is the value of (-5 + 76 - 65) + -2 + -3 + 0?
1
(9 - 16) + (20 - 2) - (-2 - -81)
-68
Evaluate (-2 - -10) + 1 + 6 + -73 + (-3 - -34).
-27
What is the value of (102 - (-69 + 55)) + -56?
60
What is -157 + 184 + -19 - (29 + 0)?
-21
(-1 - 69) + -11 + (-4 - 0 - -27)
-58
Calculate (81 - 117) + 54 - (22 + 0).
-4
What is (13 - (-1 + (-2 - (10 - 18)))) + -2?
6
What is the value of -52 - ((2 - 21) + 34 - 17) - 13?
-63
What is -3 - (0 + (83 - 29) - 6)?
-51
Evaluate (-3 - -21) + 119 + -102.
35
What is 1 - ((-300 - -304) + (1 - 49))?
45
What is the value of -55 - ((74 + -36 - -3) + -10)?
-86
What is the value of (54 - 1) + -24 + 19 + (-33 - -21) + 16?
52
Evaluate (-4 - (40 + -52)) + 4 - ((2 - -93) + -1).
-82
What is -10 - -3 - (-14 - -3) - (-69 + 60)?
13
What is 5 - 1 - (36 + -7 + -36 - 7)?
18
31 + (-14 - 2) + (-8 - 5 - -22) - 5
19
Evaluate 48 + -19 + -35 - ((-1 - 2) + -3 - -2).
-2
Calculate 13 - 47 - -40 - 30.
-24
Evaluate -65 - 1 - (62 + -73).
-55
Evaluate -134 - (-6 + (-3 + 21 - 10) - (-38 + 31)).
-143
What is (-52 - (33 - 45)) + -2?
-42
Calculate -116 + 4 - (145 + -198).
-59
What is the value of (13 + -1 - 16) + (-1 - 3) + 4 + 1?
-3
What is the value of -118 + (18 - (26 + -40)) - (-3 + 4)?
-87
What is the value of 0 - -1 - (6 + -1 + 107 + -100) - -5?
-6
Evaluate -12 + (-4 - -9) + -1 - (-27 - -51).
-32
Evaluate 0 + 21 + (-19 - -14) - 10 - 2.
4
47 + 11 + -11 + (-1 - -14) + -18
42
What is the value of -6 - ((14 - 24) + 67 + (1 - -8))?
-72
0 + 1 - 7 - -3 - -2 - (-327 - -187)
139
-6 + 11 - (45 - -5) - (-17 + 5)
-33
-5 + (106 + -91 - (6 + -4 + -35))
43
Calculate -3632 - -3672 - (2 - -1).
37
Evaluate (0 - 0) + -2 + 24 - (21 + -140 + 123).
18
Evaluate 15 + -26 - ((27 - 18) + (1 - 1)).
-20
What is 15 + -3 + (1 - (6 - 0)) - 7?
0
What is the value of 4 + (143 + -26 - 69)?
52
What is (1 - 1) + 21 - ((-57 - -63) + -12)?
27
What is -3 - 4 - (-19 + 23 + 2 + 0)?
-13
What is -76 + 19 - (-61 - 47)?
51
-117 - ((-75 - -44) + -8)
-78
-505 - -474 - (5 + -8 - 110)
82
Calculate (2043 - 2149) + (-4 - -115).
5
(-1 + 13 + -9 - (47 - 8)) + 2
-34
What is the value of 15 - (-54 - -203) - -97?
-37
Calculate 56 + 29 + (-113 - -61).
33
Evaluate (-9 - (26 - (18 + 136) - -16)) + (-16 - -2).
89
What is the value of (0 - (-4 + 1 + 3)) + 44 + -45?
-1
Calculate 154 + -218 - (2 + 2 + -26).
-42
Evaluate (3 + 2 - (13 - -1)) + -963 + 898.
-74
7 - (16 + -8 + -2) - (-16 + 12)
5
What is the value of (-43 - -26 - -4 - (3 + -11)) + -33?
-38
What is 0 - (-98 + 2 + -12 + 11 + -12 + 15)?
94
Calculate 35 + -54 + -9 + 5 + -2 + 1.
-24
Calculate -21 - 52 - (-22 + 0 + -6).
-45
What is (-33 - (-14 - (18 + -30))) + (5 - 4 - 2)?
-32
Calculate -47 - (565 + -546 + -37 + 0).
-29
-36 - 9 - -61 - (1 - -4) - -19
30
-91 + (-83 - -52) + 90
-32
What is (0 - -91) + (-15 - 119)?
-43
(19 - (-59 + 96)) + 68
50
(-21 - 21) + 54 + -5 + 10
17
What is 18280 + -18272 + 46 + (-2 - -1)?
53
What is (-87 - -1) + -12 + (-44 - -59) - (7 + 8)?
-98
Evaluate -76 - ((27 - 59 - -8) + 22).
-74
Evaluate (3 - 5) + (-8 - (1 - 6)) + -4 + -32.
-41
Evaluate -102 - -58 - 13 - (0 - (4 + -5) - 16).
-42
(76 - 24) + -94 + -16
-58
Evaluate -41 + 46 - (9 + -7 + -2).
5
Calculate 48 + (46 - (-30 + 82)).
42
What is the value of -20 + 242 + -212 + (1 - 3) + (-41 - 0)?
-33
Calculate -11 + (88 + -89 - (0 - 6)).
-6
Calculate -38 - (-76 + 25 + 29).
-16
What is (101 + -92 - -46) + -100?
-45
What is 13 + (9 - -1) + (-50 - 16) - (-3 - 5)?
-35
Calculate (-4 - -3 - (-284 - -319)) + (-11 - 0).
-47
Calculate 6 + -12 + 21 - (8 + -3 - 25).
35
What is the value of -31 - (-30 + 0 + 22 - 6)?
-17
-47 + -9 + 7 + (57 - 38)
-30
Evaluate (-2 + -4 - (4 + -5)) + 2 - -7.
4
What is the value of (18 - 9 - 26) + 39?
22
Calculate 13 - (-26 + 37 + -32).
34
-3 + (33 - (5 + -10)) + 2
37
What is the value of 130 - 135 - (-6 + (5 - 4) - -9)?
-9
Evaluate -17 - -32 - (-2 - (-6 - (8 + 38))).
-35
Evaluate 5 + -9 - (-38 - (-11 - -22 - (-1 + 4))).
42
What is the value of 53 - ((9 + -3 - -16) + -3 - 7)?
41
-54 - (-96 + 60 - 3)
-15
Calculate -7 + 4 + (-23 - (-3 - -3) - (-539 +